Dec 03 19:06:37.098 INFO testing assert_cmd-0.10.1 against master#8940af3cea4a9a9deabcaf843b2f8cad9a83fc61 for beta-1.31-5
Dec 03 19:06:37.098 INFO running `"docker" "create" "-v" "/mnt/big/crater/work/local/target-dirs/beta-1.31-5/worker-0/master#8940af3cea4a9a9deabcaf843b2f8cad9a83fc61:/target:rw,Z" "-v" "/mnt/big/crater/work/local/test-source/worker-0/beta-1.31-5/master#8940af3cea4a9a9deabcaf843b2f8cad9a83fc61:/source:ro,Z" "-v" "/mnt/big/crater/work/local/cargo-home:/cargo-home:ro,Z" "-v" "/mnt/big/crater/work/local/rustup-home:/rustup-home:ro,Z" "-e" "USER_ID=1000" "-e" "SOURCE_DIR=/source" "-e" "USER_ID=1000" "-e" "CMD=cargo +8940af3cea4a9a9deabcaf843b2f8cad9a83fc61-alt build --frozen" "-e" "CARGO_TARGET_DIR=/target" "-e" "CARGO_INCREMENTAL=0" "-e" "RUST_BACKTRACE=full" "-e" "RUSTFLAGS=--cap-lints=warn" "-e" "CARGO_HOME=/cargo-home" "-e" "RUSTUP_HOME=/rustup-home" "-m" "1536M" "--network" "none" "crater"`
Dec 03 19:06:37.279 INFO [stdout] 1f0c763229a340fb65db9f636e2787c7f404c8cbc4334f45467f7ad17e318aa9
Dec 03 19:06:37.284 INFO running `"docker" "start" "-a" "1f0c763229a340fb65db9f636e2787c7f404c8cbc4334f45467f7ad17e318aa9"`
Dec 03 19:06:38.166 INFO [stderr] usermod: no changes
Dec 03 19:06:38.303 INFO [stderr]    Compiling predicates-core v1.0.0
Dec 03 19:06:38.311 INFO [stderr]    Compiling escargot v0.3.1
Dec 03 19:06:40.200 INFO [stderr]    Compiling predicates v1.0.0
Dec 03 19:06:40.200 INFO [stderr]    Compiling predicates-tree v1.0.0
Dec 03 19:06:44.676 INFO [stderr]    Compiling assert_cmd v0.10.1 (/source)
Dec 03 19:06:48.768 INFO [stderr]     Finished dev [unoptimized + debuginfo] target(s) in 10.57s
Dec 03 19:06:48.774 INFO [stderr] su: No module specific data is present
Dec 03 19:06:49.419 INFO running `"docker" "inspect" "1f0c763229a340fb65db9f636e2787c7f404c8cbc4334f45467f7ad17e318aa9"`
Dec 03 19:06:49.814 INFO running `"docker" "rm" "-f" "1f0c763229a340fb65db9f636e2787c7f404c8cbc4334f45467f7ad17e318aa9"`
Dec 03 19:06:50.195 INFO [stdout] 1f0c763229a340fb65db9f636e2787c7f404c8cbc4334f45467f7ad17e318aa9
Dec 03 19:06:50.203 INFO running `"docker" "create" "-v" "/mnt/big/crater/work/local/target-dirs/beta-1.31-5/worker-0/master#8940af3cea4a9a9deabcaf843b2f8cad9a83fc61:/target:rw,Z" "-v" "/mnt/big/crater/work/local/test-source/worker-0/beta-1.31-5/master#8940af3cea4a9a9deabcaf843b2f8cad9a83fc61:/source:ro,Z" "-v" "/mnt/big/crater/work/local/cargo-home:/cargo-home:ro,Z" "-v" "/mnt/big/crater/work/local/rustup-home:/rustup-home:ro,Z" "-e" "USER_ID=1000" "-e" "SOURCE_DIR=/source" "-e" "USER_ID=1000" "-e" "CMD=cargo +8940af3cea4a9a9deabcaf843b2f8cad9a83fc61-alt test --frozen --no-run" "-e" "CARGO_TARGET_DIR=/target" "-e" "CARGO_INCREMENTAL=0" "-e" "RUST_BACKTRACE=full" "-e" "RUSTFLAGS=--cap-lints=warn" "-e" "CARGO_HOME=/cargo-home" "-e" "RUSTUP_HOME=/rustup-home" "-m" "1536M" "--network" "none" "crater"`
Dec 03 19:06:50.649 INFO [stdout] c8692aed147be8173ad5439694bb3b31f542cba16e703298f70648065e393597
Dec 03 19:06:50.651 INFO running `"docker" "start" "-a" "c8692aed147be8173ad5439694bb3b31f542cba16e703298f70648065e393597"`
Dec 03 19:06:52.085 INFO [stderr] usermod: no changes
Dec 03 19:06:52.255 INFO [stderr]    Compiling docmatic v0.1.2
Dec 03 19:06:54.319 INFO [stderr]    Compiling assert_cmd v0.10.1 (/source)
Dec 03 19:07:02.555 INFO [stderr]     Finished dev [unoptimized + debuginfo] target(s) in 10.43s
Dec 03 19:07:02.570 INFO [stderr] su: No module specific data is present
Dec 03 19:07:03.161 INFO running `"docker" "inspect" "c8692aed147be8173ad5439694bb3b31f542cba16e703298f70648065e393597"`
Dec 03 19:07:03.390 INFO running `"docker" "rm" "-f" "c8692aed147be8173ad5439694bb3b31f542cba16e703298f70648065e393597"`
Dec 03 19:07:03.519 INFO [stdout] c8692aed147be8173ad5439694bb3b31f542cba16e703298f70648065e393597
Dec 03 19:07:03.521 INFO running `"docker" "create" "-v" "/mnt/big/crater/work/local/target-dirs/beta-1.31-5/worker-0/master#8940af3cea4a9a9deabcaf843b2f8cad9a83fc61:/target:rw,Z" "-v" "/mnt/big/crater/work/local/test-source/worker-0/beta-1.31-5/master#8940af3cea4a9a9deabcaf843b2f8cad9a83fc61:/source:ro,Z" "-v" "/mnt/big/crater/work/local/cargo-home:/cargo-home:ro,Z" "-v" "/mnt/big/crater/work/local/rustup-home:/rustup-home:ro,Z" "-e" "USER_ID=1000" "-e" "SOURCE_DIR=/source" "-e" "USER_ID=1000" "-e" "CMD=cargo +8940af3cea4a9a9deabcaf843b2f8cad9a83fc61-alt test --frozen" "-e" "CARGO_TARGET_DIR=/target" "-e" "CARGO_INCREMENTAL=0" "-e" "RUST_BACKTRACE=full" "-e" "RUSTFLAGS=--cap-lints=warn" "-e" "CARGO_HOME=/cargo-home" "-e" "RUSTUP_HOME=/rustup-home" "-m" "1536M" "--network" "none" "crater"`
Dec 03 19:07:03.794 INFO [stdout] 4666f8880fced622e2ef4056be737ac164279c1d760cdbd4af23964d997fcd13
Dec 03 19:07:03.801 INFO running `"docker" "start" "-a" "4666f8880fced622e2ef4056be737ac164279c1d760cdbd4af23964d997fcd13"`
Dec 03 19:07:04.553 INFO [stderr] usermod: no changes
Dec 03 19:07:04.622 INFO [stderr]     Finished dev [unoptimized + debuginfo] target(s) in 0.05s
Dec 03 19:07:04.638 INFO [stderr]      Running /target/debug/deps/assert_cmd-98af27bf8bc9a7c0
Dec 03 19:07:04.643 INFO [stdout] 
Dec 03 19:07:04.643 INFO [stdout] running 7 tests
Dec 03 19:07:04.644 INFO [stdout] test assert::test::into_code_from_i32 ... ok
Dec 03 19:07:04.644 INFO [stdout] test assert::test::into_code_from_array ... ok
Dec 03 19:07:04.644 INFO [stdout] test assert::test::into_output_from_str ... ok
Dec 03 19:07:04.644 INFO [stdout] test assert::test::into_code_from_pred ... ok
Dec 03 19:07:04.651 INFO [stdout] test assert::test::into_output_from_pred ... ok
Dec 03 19:07:04.651 INFO [stdout] test assert::test::into_output_from_bytes ... ok
Dec 03 19:07:04.651 INFO [stdout] test assert::test::into_code_from_vec ... ok
Dec 03 19:07:04.651 INFO [stdout] 
Dec 03 19:07:04.651 INFO [stdout] test result: ok. 7 passed; 0 failed; 0 ignored; 0 measured; 0 filtered out
Dec 03 19:07:04.651 INFO [stdout] 
Dec 03 19:07:04.655 INFO [stderr]      Running /target/debug/deps/bin_fixture-20eac70440b3f655
Dec 03 19:07:04.656 INFO [stdout] 
Dec 03 19:07:04.656 INFO [stdout] running 0 tests
Dec 03 19:07:04.656 INFO [stdout] 
Dec 03 19:07:04.656 INFO [stdout] test result: ok. 0 passed; 0 failed; 0 ignored; 0 measured; 0 filtered out
Dec 03 19:07:04.656 INFO [stdout] 
Dec 03 19:07:04.663 INFO [stderr]      Running /target/debug/deps/assert-36971831cdd8f472
Dec 03 19:07:04.671 INFO [stdout] 
Dec 03 19:07:04.671 INFO [stdout] running 3 tests
Dec 03 19:08:04.666 INFO [stdout] test stdout_example ... test stdout_example has been running for over 60 seconds
Dec 03 19:08:04.666 INFO [stdout] test stderr_example ... test stderr_example has been running for over 60 seconds
Dec 03 19:08:04.666 INFO [stdout] test code_example ... test code_example has been running for over 60 seconds
Dec 03 19:08:21.828 INFO [stdout] test stderr_example ... ok
Dec 03 19:08:21.865 INFO [stdout] test stdout_example ... ok
Dec 03 19:08:21.901 INFO [stdout] test code_example ... ok
Dec 03 19:08:21.901 INFO [stdout] 
Dec 03 19:08:21.901 INFO [stdout] test result: ok. 3 passed; 0 failed; 0 ignored; 0 measured; 0 filtered out
Dec 03 19:08:21.901 INFO [stdout] 
Dec 03 19:08:21.902 INFO [stderr]      Running /target/debug/deps/cargo-b4b0552a4248c649
Dec 03 19:08:21.904 INFO [stdout] 
Dec 03 19:08:21.904 INFO [stdout] running 7 tests
Dec 03 19:08:22.071 INFO [stdout] test cargo_binary ... ok
Dec 03 19:08:22.223 INFO [stdout] test main_binary ... ok
Dec 03 19:08:40.487 INFO [stdout] test cargo_example_with_empty_env ... ok
Dec 03 19:08:40.555 INFO [stdout] test cargo_example ... ok
Dec 03 19:08:40.571 INFO [stdout] test cargo_binary_with_empty_env ... ok
Dec 03 19:08:40.599 INFO [stdout] test cargo_example_cache ... ok
Dec 03 19:08:40.600 INFO [stdout] test main_binary_with_empty_env ... ok
Dec 03 19:08:40.600 INFO [stdout] 
Dec 03 19:08:40.600 INFO [stdout] test result: ok. 7 passed; 0 failed; 0 ignored; 0 measured; 0 filtered out
Dec 03 19:08:40.600 INFO [stdout] 
Dec 03 19:08:40.600 INFO [stderr]      Running /target/debug/deps/docmatic-ccaced21524bf79c
Dec 03 19:08:40.607 INFO [stdout] 
Dec 03 19:08:40.607 INFO [stdout] running 1 test
Dec 03 19:08:40.635 INFO [stdout] 
Dec 03 19:08:40.635 INFO [stdout] running 1 test
Dec 03 19:08:42.419 INFO [stdout] test README.md - assert::Example (line 24) ... FAILED
Dec 03 19:08:42.419 INFO [stdout] 
Dec 03 19:08:42.419 INFO [stdout] failures:
Dec 03 19:08:42.419 INFO [stdout] 
Dec 03 19:08:42.419 INFO [stdout] ---- README.md - assert::Example (line 24) stdout ----
Dec 03 19:08:42.419 INFO [stdout] error[E0464]: multiple matching crates for `assert_cmd`
Dec 03 19:08:42.419 INFO [stdout]  --> README.md:24:1
Dec 03 19:08:42.419 INFO [stdout]   |
Dec 03 19:08:42.419 INFO [stdout] 2 | extern crate assert_cmd;
Dec 03 19:08:42.419 INFO [stdout]   | ^^^^^^^^^^^^^^^^^^^^^^^^
Dec 03 19:08:42.419 INFO [stdout]   |
Dec 03 19:08:42.419 INFO [stdout]   = note: candidates:
Dec 03 19:08:42.419 INFO [stdout]           crate `assert_cmd`: /target/debug/deps/libassert_cmd-9663b5d54d6fb520.rlib
Dec 03 19:08:42.419 INFO [stdout]           crate `assert_cmd`: /target/debug/deps/libassert_cmd-988d6c37c892f31d.rlib
Dec 03 19:08:42.419 INFO [stdout]           crate `assert_cmd`: /target/debug/deps/libassert_cmd-a7ebb4ce7b3798f5.rlib
Dec 03 19:08:42.419 INFO [stdout] 
Dec 03 19:08:42.419 INFO [stdout] error[E0463]: can't find crate for `assert_cmd`
Dec 03 19:08:42.419 INFO [stdout]  --> README.md:24:1
Dec 03 19:08:42.419 INFO [stdout]   |
Dec 03 19:08:42.419 INFO [stdout] 2 | extern crate assert_cmd;
Dec 03 19:08:42.419 INFO [stdout]   | ^^^^^^^^^^^^^^^^^^^^^^^^ can't find crate
Dec 03 19:08:42.419 INFO [stdout] 
Dec 03 19:08:42.419 INFO [stdout] thread 'README.md - assert::Example (line 24)' panicked at 'couldn't compile the test', librustdoc/test.rs:332:13
Dec 03 19:08:42.419 INFO [stdout] stack backtrace:
Dec 03 19:08:42.419 INFO [stdout]    0:     0x7f1a300dc90f - std::sys::unix::backtrace::tracing::imp::unwind_backtrace::h3a8b83e1922cbdde
Dec 03 19:08:42.419 INFO [stdout]                                at libstd/sys/unix/backtrace/tracing/gcc_s.rs:49
Dec 03 19:08:42.419 INFO [stdout]    1:     0x7f1a300c1897 - std::sys_common::backtrace::print::h00d3155a29b4020f
Dec 03 19:08:42.419 INFO [stdout]                                at libstd/sys_common/backtrace.rs:71
Dec 03 19:08:42.419 INFO [stdout]                                at libstd/sys_common/backtrace.rs:59
Dec 03 19:08:42.419 INFO [stdout]    2:     0x7f1a300e7cef - std::panicking::default_hook::{{closure}}::hd7465c742e79e1bb
Dec 03 19:08:42.419 INFO [stdout]                                at libstd/panicking.rs:211
Dec 03 19:08:42.419 INFO [stdout]    3:     0x7f1a300e79ee - std::panicking::default_hook::h9e3966f2aa2a6e12
Dec 03 19:08:42.419 INFO [stdout]                                at libstd/panicking.rs:221
Dec 03 19:08:42.419 INFO [stdout]    4:     0x7f1a32272951 - rustc::util::common::panic_hook::h27965632b67fe74e
Dec 03 19:08:42.419 INFO [stdout]    5:     0x7f1a300e84e6 - std::panicking::rust_panic_with_hook::h587f091ae747d080
Dec 03 19:08:42.419 INFO [stdout]                                at libstd/panicking.rs:480
Dec 03 19:08:42.419 INFO [stdout]    6:     0x55b50c156b17 - std::panicking::begin_panic::hcef7ac517f7efe0f
Dec 03 19:08:42.419 INFO [stdout]                                at libstd/panicking.rs:410
Dec 03 19:08:42.419 INFO [stdout]    7:     0x55b50c2eacc7 - <rustdoc::test::Collector as rustdoc::test::Tester>::add_test::{{closure}}::{{closure}}::{{closure}}::h1a7d462b7674a13e
Dec 03 19:08:42.419 INFO [stdout]                                at librustdoc/test.rs:332
Dec 03 19:08:42.419 INFO [stdout]                                at librustdoc/test.rs:596
Dec 03 19:08:42.419 INFO [stdout]    8:     0x55b50c2a01f8 - <scoped_tls::ScopedKey<T>>::set::h9a299037e2efdd79
Dec 03 19:08:42.419 INFO [stdout]                                at /cargo/registry/src/github.com-1ecc6299db9ec823/scoped-tls-0.1.2/src/lib.rs:155
Dec 03 19:08:42.419 INFO [stdout]                                at libsyntax/lib.rs:106
Dec 03 19:08:42.419 INFO [stdout]                                at /cargo/registry/src/github.com-1ecc6299db9ec823/scoped-tls-0.1.2/src/lib.rs:155
Dec 03 19:08:42.419 INFO [stdout]    9:     0x55b50c0a4601 - syntax::with_globals::hc9a23e436a64729f
Dec 03 19:08:42.419 INFO [stdout]                                at libsyntax/lib.rs:105
Dec 03 19:08:42.419 INFO [stdout]   10:     0x55b50c156dbb - std::panicking::try::do_call::hd95e3a92339aa7c0
Dec 03 19:08:42.419 INFO [stdout]                                at librustdoc/test.rs:593
Dec 03 19:08:42.419 INFO [stdout]                                at libstd/panic.rs:313
Dec 03 19:08:42.419 INFO [stdout]                                at libstd/panicking.rs:310
Dec 03 19:08:42.419 INFO [stdout]   11:     0x7f1a300f5cd9 - __rust_maybe_catch_panic
Dec 03 19:08:42.419 INFO [stdout]                                at libpanic_unwind/lib.rs:102
Dec 03 19:08:42.419 INFO [stdout]   12:     0x55b50c179f49 - rustc_driver::in_named_rustc_thread::h5d5326e5f9843b1f
Dec 03 19:08:42.419 INFO [stdout]                                at libstd/panicking.rs:289
Dec 03 19:08:42.419 INFO [stdout]                                at libstd/panic.rs:392
Dec 03 19:08:42.419 INFO [stdout]                                at librustc_driver/lib.rs:1546
Dec 03 19:08:42.419 INFO [stdout]   13:     0x55b50c2b8eb0 - <F as alloc::boxed::FnBox<A>>::call_box::h85b70bbf522f8d35
Dec 03 19:08:42.419 INFO [stdout]                                at librustdoc/test.rs:593
Dec 03 19:08:42.419 INFO [stdout]                                at liballoc/boxed.rs:672
Dec 03 19:08:42.419 INFO [stdout]   14:     0x7f1a31757022 - <F as alloc::boxed::FnBox<A>>::call_box::h37f4bb882553d58c
Dec 03 19:08:42.419 INFO [stdout]                                at libtest/lib.rs:1461
Dec 03 19:08:42.419 INFO [stdout]                                at liballoc/boxed.rs:672
Dec 03 19:08:42.419 INFO [stdout]   15:     0x7f1a300f5cd9 - __rust_maybe_catch_panic
Dec 03 19:08:42.419 INFO [stdout]                                at libpanic_unwind/lib.rs:102
Dec 03 19:08:42.419 INFO [stdout]   16:     0x7f1a3177f462 - std::sys_common::backtrace::__rust_begin_short_backtrace::hb8f0d0309526c184
Dec 03 19:08:42.419 INFO [stdout]                                at libstd/panicking.rs:289
Dec 03 19:08:42.419 INFO [stdout]                                at libstd/panic.rs:392
Dec 03 19:08:42.419 INFO [stdout]                                at libtest/lib.rs:1423
Dec 03 19:08:42.419 INFO [stdout]                                at libstd/sys_common/backtrace.rs:136
Dec 03 19:08:42.419 INFO [stdout]   17:     0x7f1a31780204 - std::panicking::try::do_call::hc2f7c8b9a348d8db
Dec 03 19:08:42.419 INFO [stdout]                                at libstd/thread/mod.rs:409
Dec 03 19:08:42.419 INFO [stdout]                                at libstd/panic.rs:313
Dec 03 19:08:42.419 INFO [stdout]                                at libstd/panicking.rs:310
Dec 03 19:08:42.419 INFO [stdout]   18:     0x7f1a300f5cd9 - __rust_maybe_catch_panic
Dec 03 19:08:42.419 INFO [stdout]                                at libpanic_unwind/lib.rs:102
Dec 03 19:08:42.419 INFO [stdout]   19:     0x7f1a3176894c - <F as alloc::boxed::FnBox<A>>::call_box::h6bfded618e480b32
Dec 03 19:08:42.419 INFO [stdout]                                at libstd/panicking.rs:289
Dec 03 19:08:42.419 INFO [stdout]                                at libstd/panic.rs:392
Dec 03 19:08:42.419 INFO [stdout]                                at libstd/thread/mod.rs:408
Dec 03 19:08:42.419 INFO [stdout]                                at liballoc/boxed.rs:672
Dec 03 19:08:42.419 INFO [stdout]   20:     0x7f1a300e2c9d - std::sys_common::thread::start_thread::h4c28257d67cdf9cb
Dec 03 19:08:42.420 INFO [stdout]                                at liballoc/boxed.rs:682
Dec 03 19:08:42.420 INFO [stdout]                                at libstd/sys_common/thread.rs:24
Dec 03 19:08:42.420 INFO [stdout]   21:     0x7f1a300b84d5 - std::sys::unix::thread::Thread::new::thread_start::hfecb2e7eff8fd34f
Dec 03 19:08:42.420 INFO [stdout]                                at libstd/sys/unix/thread.rs:90
Dec 03 19:08:42.420 INFO [stdout]   22:     0x7f1a2fc446b9 - start_thread
Dec 03 19:08:42.420 INFO [stdout]   23:     0x7f1a2f76441c - clone
Dec 03 19:08:42.420 INFO [stdout]   24:                0x0 - <unknown>
Dec 03 19:08:42.420 INFO [stdout] query stack during panic:
Dec 03 19:08:42.420 INFO [stdout] end of query stack
Dec 03 19:08:42.420 INFO [stdout] 
Dec 03 19:08:42.420 INFO [stdout] 
Dec 03 19:08:42.420 INFO [stdout] failures:
Dec 03 19:08:42.420 INFO [stdout]     README.md - assert::Example (line 24)
Dec 03 19:08:42.420 INFO [stdout] 
Dec 03 19:08:42.420 INFO [stdout] test result: FAILED. 0 passed; 1 failed; 0 ignored; 0 measured; 0 filtered out
Dec 03 19:08:42.420 INFO [stdout] 
Dec 03 19:08:42.459 INFO [stdout] test test_readme ... FAILED
Dec 03 19:08:42.459 INFO [stdout] 
Dec 03 19:08:42.459 INFO [stdout] failures:
Dec 03 19:08:42.459 INFO [stdout] 
Dec 03 19:08:42.459 INFO [stdout] ---- test_readme stdout ----
Dec 03 19:08:42.459 INFO [stdout] thread 'test_readme' panicked at 'Failed to run rustdoc tests on '"README.md"'', /cargo-home/registry/src/github.com-1ecc6299db9ec823/docmatic-0.1.2/src/lib.rs:97:9
Dec 03 19:08:42.459 INFO [stdout] stack backtrace:
Dec 03 19:08:42.459 INFO [stdout]    0:     0x561a1b508b0f - std::sys::unix::backtrace::tracing::imp::unwind_backtrace::h3a8b83e1922cbdde
Dec 03 19:08:42.459 INFO [stdout]                                at libstd/sys/unix/backtrace/tracing/gcc_s.rs:49
Dec 03 19:08:42.459 INFO [stdout]    1:     0x561a1b514fa7 - std::sys_common::backtrace::print::h00d3155a29b4020f
Dec 03 19:08:42.459 INFO [stdout]                                at libstd/sys_common/backtrace.rs:71
Dec 03 19:08:42.459 INFO [stdout]                                at libstd/sys_common/backtrace.rs:59
Dec 03 19:08:42.459 INFO [stdout]    2:     0x561a1b50d8bf - std::panicking::default_hook::{{closure}}::hd7465c742e79e1bb
Dec 03 19:08:42.459 INFO [stdout]                                at libstd/panicking.rs:211
Dec 03 19:08:42.459 INFO [stdout]    3:     0x561a1b50d5be - std::panicking::default_hook::h9e3966f2aa2a6e12
Dec 03 19:08:42.459 INFO [stdout]                                at libstd/panicking.rs:221
Dec 03 19:08:42.459 INFO [stdout]    4:     0x561a1b50df9e - std::panicking::rust_panic_with_hook::h587f091ae747d080
Dec 03 19:08:42.459 INFO [stdout]                                at libstd/panicking.rs:476
Dec 03 19:08:42.460 INFO [stdout]    5:     0x561a1b476d83 - std::panicking::begin_panic::h544b1e92de338d70
Dec 03 19:08:42.460 INFO [stdout]                                at libstd/panicking.rs:410
Dec 03 19:08:42.460 INFO [stdout]    6:     0x561a1b476ccf - docmatic::Assert::test_file::h25dd370235c17db4
Dec 03 19:08:42.460 INFO [stdout]                                at /source/<::std::macros::panic macros>:3
Dec 03 19:08:42.460 INFO [stdout]    7:     0x561a1b4769fb - docmatic::assert_file::h53c2bb348a403033
Dec 03 19:08:42.460 INFO [stdout]                                at /cargo-home/registry/src/github.com-1ecc6299db9ec823/docmatic-0.1.2/src/lib.rs:125
Dec 03 19:08:42.460 INFO [stdout]    8:     0x561a1b476816 - docmatic::test_readme::hd1b1acf8fb9da1b8
Dec 03 19:08:42.460 INFO [stdout]                                at tests/docmatic.rs:5
Dec 03 19:08:42.460 INFO [stdout]    9:     0x561a1b4767e9 - docmatic::test_readme::{{closure}}::hfb4b36a5dc5bdcbc
Dec 03 19:08:42.460 INFO [stdout]                                at tests/docmatic.rs:4
Dec 03 19:08:42.460 INFO [stdout]   10:     0x561a1b475d9d - core::ops::function::FnOnce::call_once::hefde2477b84055ea
Dec 03 19:08:42.460 INFO [stdout]                                at libcore/ops/function.rs:238
Dec 03 19:08:42.460 INFO [stdout]   11:     0x561a1b47941e - <F as alloc::boxed::FnBox<A>>::call_box::hac903f91577a156c
Dec 03 19:08:42.460 INFO [stdout]                                at libtest/lib.rs:1468
Dec 03 19:08:42.460 INFO [stdout]                                at libcore/ops/function.rs:238
Dec 03 19:08:42.460 INFO [stdout]                                at liballoc/boxed.rs:672
Dec 03 19:08:42.460 INFO [stdout]   12:     0x561a1b51ff59 - __rust_maybe_catch_panic
Dec 03 19:08:42.460 INFO [stdout]                                at libpanic_unwind/lib.rs:102
Dec 03 19:08:42.460 INFO [stdout]   13:     0x561a1b49b072 - std::sys_common::backtrace::__rust_begin_short_backtrace::hb8f0d0309526c184
Dec 03 19:08:42.460 INFO [stdout]                                at libstd/panicking.rs:289
Dec 03 19:08:42.460 INFO [stdout]                                at libstd/panic.rs:392
Dec 03 19:08:42.460 INFO [stdout]                                at libtest/lib.rs:1423
Dec 03 19:08:42.460 INFO [stdout]                                at libstd/sys_common/backtrace.rs:136
Dec 03 19:08:42.460 INFO [stdout]   14:     0x561a1b49bb24 - std::panicking::try::do_call::hc2f7c8b9a348d8db
Dec 03 19:08:42.460 INFO [stdout]                                at libstd/thread/mod.rs:409
Dec 03 19:08:42.460 INFO [stdout]                                at libstd/panic.rs:313
Dec 03 19:08:42.460 INFO [stdout]                                at libstd/panicking.rs:310
Dec 03 19:08:42.460 INFO [stdout]   15:     0x561a1b51ff59 - __rust_maybe_catch_panic
Dec 03 19:08:42.460 INFO [stdout]                                at libpanic_unwind/lib.rs:102
Dec 03 19:08:42.460 INFO [stdout]   16:     0x561a1b488d5c - <F as alloc::boxed::FnBox<A>>::call_box::h6bfded618e480b32
Dec 03 19:08:42.460 INFO [stdout]                                at libstd/panicking.rs:289
Dec 03 19:08:42.460 INFO [stdout]                                at libstd/panic.rs:392
Dec 03 19:08:42.460 INFO [stdout]                                at libstd/thread/mod.rs:408
Dec 03 19:08:42.460 INFO [stdout]                                at liballoc/boxed.rs:672
Dec 03 19:08:42.460 INFO [stdout]   17:     0x561a1b50acbd - std::sys_common::thread::start_thread::h4c28257d67cdf9cb
Dec 03 19:08:42.460 INFO [stdout]                                at liballoc/boxed.rs:682
Dec 03 19:08:42.460 INFO [stdout]                                at libstd/sys_common/thread.rs:24
Dec 03 19:08:42.460 INFO [stdout]   18:     0x561a1b4fe095 - std::sys::unix::thread::Thread::new::thread_start::hfecb2e7eff8fd34f
Dec 03 19:08:42.460 INFO [stdout]                                at libstd/sys/unix/thread.rs:90
Dec 03 19:08:42.460 INFO [stdout]   19:     0x7f9345c3d6b9 - start_thread
Dec 03 19:08:42.460 INFO [stdout]   20:     0x7f934575d41c - clone
Dec 03 19:08:42.460 INFO [stdout]   21:                0x0 - <unknown>
Dec 03 19:08:42.460 INFO [stdout] 
Dec 03 19:08:42.463 INFO [stdout] 
Dec 03 19:08:42.463 INFO [stderr] error: test failed, to rerun pass '--test docmatic'
Dec 03 19:08:42.463 INFO [stdout] failures:
Dec 03 19:08:42.463 INFO [stdout]     test_readme
Dec 03 19:08:42.463 INFO [stdout] 
Dec 03 19:08:42.463 INFO [stdout] test result: FAILED. 0 passed; 1 failed; 0 ignored; 0 measured; 0 filtered out
Dec 03 19:08:42.463 INFO [stdout] 
Dec 03 19:08:42.464 INFO [stderr] su: No module specific data is present
Dec 03 19:08:43.195 INFO running `"docker" "inspect" "4666f8880fced622e2ef4056be737ac164279c1d760cdbd4af23964d997fcd13"`
Dec 03 19:08:43.467 INFO running `"docker" "rm" "-f" "4666f8880fced622e2ef4056be737ac164279c1d760cdbd4af23964d997fcd13"`
Dec 03 19:08:43.694 INFO [stdout] 4666f8880fced622e2ef4056be737ac164279c1d760cdbd4af23964d997fcd13
